e
Is 3 a factor of 4525001?
False
Does 92 divide 280685816?
False
Is 10408160 a multiple of 10?
True
Is 9 a factor of 79096888?
False
Is 54244674 a multiple of 33?
True
Is 291 a factor of 18843705?
True
Is 38 a factor of 43014511?
False
Is 225515182 a multiple of 78?
False
Is 149336838 a multiple of 189?
True
Is 11 a factor of 71469849?
True
Is 270855126 a multiple of 4413?
False
Does 3908 divide 75877728?
True
Does 1259 divide 92352304?
False
Is 162901757 a multiple of 971?
True
Is 21495051 a multiple of 5?
False
Is 86 a factor of 283149714?
False
Is 65 a factor of 311165695?
False
Is 762345528 a multiple of 168?
True
Is 81026325 a multiple of 27?
True
Does 19 divide 2789871918?
False
Is 7206060304 a multiple of 4533?
False
Does 111 divide 336620145?
False
Is 7309 a factor of 522571573?
True
Does 16 divide 24531728?
True
Is 1483288 a multiple of 4?
True
Does 89 divide 513238876?
False
Is 107184813 a multiple of 32?
False
Is 311784 a multiple of 44?
True
Is 461 a factor of 167011080?
True
Is 713 a factor of 26402888?
False
Does 1711 divide 3564016422?
True
Is 142777339 a multiple of 9?
False
Does 42 divide 6344777?
False
Does 529 divide 1203222667?
True
Does 31 divide 1645320795?
False
Is 156162965 a multiple of 155?
True
Is 302 a factor of 403654710?
True
Is 453 a factor of 7961448?
False
Is 187 a factor of 61143577?
True
Is 118293 a multiple of 110?
False
Is 263 a factor of 214645295?
False
Does 1387 divide 8682620?
True
Does 26 divide 24356696?
True
Is 34721924 a multiple of 345?
False
Is 200248308 a multiple of 579?
True
Does 22 divide 3062744397?
False
Does 8 divide 1089353?
False
Is 96 a factor of 854253408?
True
Does 167 divide 10600826?
True
Is 101 a factor of 423730901?
False
Is 993551096 a multiple of 1533?
False
Is 285 a factor of 3794735670?
True
Does 20 divide 198538204?
False
Does 2 divide 15832934?
True
Is 3 a factor of 48871391?
False
Is 367903 a multiple of 24?
False
Does 8 divide 38061056?
True
Is 1439626584 a multiple of 957?
True
Does 3 divide 73615366?
False
Is 1116830853 a multiple of 40?
False
Is 11033715 a multiple of 3495?
True
Does 87 divide 1628205?
True
Is 2048 a factor of 85055183?
False
Is 241857987 a multiple of 77?
False
Does 45 divide 59829988?
False
Does 26 divide 165705329?
False
Does 7 divide 15917229?
False
Does 73 divide 1112873539?
True
Does 1382 divide 2439810588?
False
Is 84589028 a multiple of 355?
False
Is 1395337032 a multiple of 1578?
True
Is 8702 a factor of 1941904049?
False
Does 153 divide 87509421?
True
Does 97 divide 104857582?
True
Does 24 divide 4310160?
True
Does 3255 divide 2719047?
False
Is 10 a factor of 3507790?
True
Is 3 a factor of 123364621?
False
Is 482777708 a multiple of 17?
False
Is 31 a factor of 35521004?
False
Does 3012 divide 13947976?
False
Does 1437 divide 401007873?
False
Is 22 a factor of 160552898?
True
Is 19 a factor of 60604851?
True
Does 18 divide 3023155325?
False
Does 12 divide 503564000?
False
Is 44393093 a multiple of 259?
False
Is 30816327 a multiple of 2?
False
Is 788976050 a multiple of 4?
False
Is 82 a factor of 46245950?
True
Is 13534966 a multiple of 109?
True
Does 23 divide 381596825?
False
Does 76 divide 190748752?
True
Is 103 a factor of 71501879?
True
Does 838 divide 170160928?
True
Is 417446266 a multiple of 7?
False
Is 11664857 a multiple of 10?
False
Is 1278379237 a multiple of 1234?
False
Does 13 divide 6935663?
False
Is 105 a factor of 16899960?
True
Is 31 a factor of 4761911?
False
Does 6868 divide 594590232?
True
Is 437 a factor of 3071278826?
True
Is 5155 a factor of 180325137?
False
Is 2533437004 a multiple of 49?
True
Is 65 a factor of 218972178?
False
Does 13 divide 10074037?
False
Is 4 a factor of 2474752?
True
Is 150 a factor of 1447028?
False
Is 677 a factor of 778755131?
True
Is 7 a factor of 22493674?
True
Is 432947767 a multiple of 259?
True
Is 6 a factor of 627884215?
False
Does 594 divide 1862466464?
False
Does 82 divide 4827621260?
True
Is 100341950 a multiple of 325?
False
Is 24 a factor of 39655368?
True
Is 4 a factor of 1923386?
False
Is 3 a factor of 481436553?
True
Is 18 a factor of 1302967179?
False
Is 3197306610 a multiple of 18?
True
Is 16 a factor of 22144128?
True
Is 16 a factor of 1978705?
False
Is 11976829 a multiple of 1228?
False
Does 51 divide 12362604?
True
Is 1138334504 a multiple of 2061?
False
Is 2867029 a multiple of 12?
False
Is 1858 a factor of 609141980?
False
Does 15 divide 383203725?
True
Is 330 a factor of 62500636?
False
Is 3734969161 a multiple of 6052?
False
Is 480262300 a multiple of 25?
True
Does 10 divide 1880337398?
False
Is 6 a factor of 673596721?
False
Does 30 divide 588621816?
False
Is 39 a factor of 92487199?
False
Is 4313081 a multiple of 1029?
False
Does 1407 divide 5671617?
True
Is 6929139 a multiple of 18?
False
Does 127 divide 637684653?
True
Does 101 divide 31567347?
False
Is 9 a factor of 317526115?
False
Does 27 divide 394759359?
True
Does 173 divide 37114036?
True
Is 159061151 a multiple of 1488?
False
Does 285 divide 22931670?
True
Is 80375366 a multiple of 17?
False
Is 438521421 a multiple of 180?
False
Is 68572688 a multiple of 16?
True
Does 40 divide 997228834?
False
Is 673 a factor of 29119965?
False
Does 2 divide 1843090?
True
Is 100076050 a multiple of 430?
True
Does 1834 divide 2943485?
False
Does 136 divide 94787842?
False
Is 74 a factor of 28716662?
True
Is 149 a factor of 4094239626?
False
Does 797 divide 439855533?
True
Is 241 a factor of 2435842671?
True
Is 950 a factor of 45081704?
False
Is 58283396 a multiple of 878?
True
Does 2793 divide 30943453?
False
Is 3503873 a multiple of 63?
False
Is 2352 a factor of 6697454064?
True
Is 9010 a factor of 422325730?
True
Is 11344602 a multiple of 3?
True
Is 34 a factor of 127875669?
False
Does 1863 divide 23641496?
False
Is 336948246 a multiple of 18?
True
Is 42 a factor of 161521915?
False
Is 1129 a factor of 425274578?
False
Is 39 a factor of 23829739?
False
Is 37 a factor of 166227310?
True
Is 13773 a factor of 1747311645?
True
Is 3077647136 a multiple of 16?
True
Is 3620 a factor of 167430248?
False
Is 412 a factor of 226329951?
False
Is 662007969 a multiple of 203?
True
Is 12141663 a multiple of 237?
False
Does 3 divide 29226594?
True
Does 5 divide 15261415?
True
Does 1557 divide 379213195?
False
Is 23298899 a multiple of 336?
False
Does 46 divide 150696736?
True
Does 175 divide 41418825?
True
Does 240 divide 13890312?
False
Does 45 divide 2620184?
False
Is 9790040 a multiple of 3653?
True
Does 2 divide 36615220?
True
Is 47190555 a multiple of 125?
False
Does 52 divide 16952104?
True
Is 9755522 a multiple of 124?
False
Is 11529070 a multiple of 178?
False
Is 12 a factor of 333831456?
True
Is 21897117 a multiple of 263?
True
Is 219 a factor of 229713699?
True
Does 3152 divide 2681500960?
True
Is 11 a factor of 50295972?
False
Is 536805145 a multiple of 2532?
False
Is 68409875 a multiple of 59?
False
Is 1939 a factor of 532951153?
False
Is 3345 a factor of 771999240?
True
Is 85405311 a multiple of 9?
True
Does 208 divide 109389904?
True
Is 1194 a factor of 34941216?
True
Is 26658568 a multiple of 39?
False
Is 595 a factor of 222197501?
False
Is 61178000 a multiple of 2000?
True
Is 7356510 a multiple of 88?
False
Does 757 divide 59072495?
True
Does 2121 divide 173362056?
True
Does 17 divide 12286597?
True
Does 52 divide 714441?
False
Is 309 a factor of 126643650?
True
Is 5 a factor of 668051050?
True
Is 100375183 a multiple of 619?
True
Does 67 divide 487864513?
False
Does 119 divide 553709237?
False
Is 140 a factor of 749814240?
True
Is 1894 a factor of 140885190?
True
Is 1096564464 a multiple of 24?
True
Is 146 a factor of 610239730?
False
Is 29332280 a multiple of 8?
True
Is 67 a factor of 626654382?
False
Is 3563280 a multiple of 336?
True
Does 40 divide 5075200920?
True
Is 3142864015 a multiple of 654?
False
Does 1732 divide 35079277?
False
Is 8183316 a multiple of 388?
False
Is 5701019660 a multiple of 230?
True
Is 14 a factor of 48501840?
False
Is 31 a factor of 38173958?
True
Is 51367077 a multiple of 13?
False
Does 899 divide 215681452?
False
Does 2208 divide 33440160?
True
Is 583 a factor of 66624074?
True
Is 170 a factor of 46632530?
True
Does 292 divide 1437082595?
False
Does 86 divide 575199658?
False
Does 55 divide